se -24*b - j = -25*b. What are the prime factors of b?
139
Let p = -567 + 573. Suppose 0 = 3*o + p*b - 3*b - 5697, 1911 = o - 3*b. List the prime factors of o.
2, 3, 317
Suppose 0 = -g - 2*o + 55 + 9, -g + 5*o + 50 = 0. What are the prime factors of (-149)/(-2*(-3)/g*-2)?
5, 149
Let f be 56/12 + 8/24. Suppose -4*t + y + y = 2732, 3437 = -f*t - 3*y. List the prime factors of 1 + t/(-4) + (-8)/32.
2, 43
Suppose -4*z = -16, 5*z = -2*s + 2*z + 8. Let o be (-3)/s*(-6)/(-9). List the prime factors of o/((2/(-20))/((-45)/6)).
3, 5
Let n(q) = q**2 + 16*q - 147. Let o be n(-27). Suppose -o*d - 3870 = -155*d. What are the prime factors of d?
2, 3, 43
List the prime factors of 6284/5 + (48/(-120))/(-2).
3, 419
Suppose -n = -5*n + 24*n. Let q(g) = -8*g**2 + 3*g + 504. List the prime factors of q(n).
2, 3, 7
Let i(y) = -75*y + 1649. List the prime factors of i(-13).
2, 41
Let b(v) be the first derivative of -49 + 81/2*v**2 - 12*v. List the prime factors of b(3).
3, 7, 11
Let k be (-51)/(-21) + 4/7. Suppose k*f - 236 = j + f, -5*j = 3*f + 1245. Let s = j - -472. List the prime factors of s.
2, 113
Suppose -307*o + 4613114 + 1244446 = 0. What are the prime factors of o?
2, 3, 5, 53
Let d be ((-3)/(-1) - -9)*79/4. Suppose 2*g - d - 353 = 0. Suppose 0 = 4*t - 533 - g. List the prime factors of t.
3, 23
Suppose 2*c + 711 = r - 2*c, 0 = 2*r + 4*c - 1362. Suppose 5*v - r = 469. List the prime factors of v.
2, 29
Let j = -27440 + 39965. List the prime factors of j.
3, 5, 167
Let d(t) = 155*t**2 - 43*t - 369. List the prime factors of d(-9).
3, 11, 127
Let h(w) = -26 - 11*w + 34*w - 17*w. Let m be h(5). Suppose 5*d = -5*r - 324 + 1054, 4 = -m*r. List the prime factors of d.
3, 7
Let v be 5*(2/4)/(1/2). Let c be 20/14 - (-28)/49. Suppose 943 = 6*h - h - c*a, 4*a = v*h - 951. List the prime factors of h.
11, 17
Let s = -11 + 13. What are the prime factors of -2 + s + 75 + -12?
3, 7
Let m = 19521 - -11847. List the prime factors of m.
2, 3, 1307
List the prime factors of (5114256/(-1344))/((-4)/20*1/4).
5, 31, 491
Let d(o) = o**2 - o - 24. Let b be d(0). Let m = -1915 + 1355. What are the prime factors of 3*b/10*m/63?
2
Suppose -17*t + 45 = -2*t. Let p be -70 + (2 - t)*-1. Let i = p + 83. What are the prime factors of i?
2, 7
Let o be ((-7)/(-14))/(2 - 39/18). List the prime factors of (19 - 13) + (-441)/o.
3, 17
Let h(n) = 2*n**2 - n + 1. Let k(y) = 40*y**2 + 22*y + 60. Let x(t) = 3*h(t) + k(t). List the prime factors of x(-3).
2, 3, 5, 7
Suppose 2*u - 12711 = 3*g, -14*g = -9*g + 25. What are the prime factors of u?
2, 3, 23
Let t(f) = 22422 + 381*f - 22239 + 75*f. What are the prime factors of t(4)?
3, 223
Let o be -318*((-7)/(-12) + (-9)/12). Suppose -62*f + 4347 = -o*f. What are the prime factors of f?
3, 7, 23
Suppose 2*h - 4*p - 20952 = 0, -8 + 17 = 3*p. What are the prime factors of h?
2, 3, 1747
What are the prime factors of -12*((-10454959)/114)/41?
2, 13421
Let o be ((-168)/10)/(592/300 + -2). Let p(i) = 48*i**2 - i + 7. Let u be p(3). Let g = o - u. What are the prime factors of g?
2, 97
Let f(k) be the third derivative of -k**4/8 - 5*k**3/3 - 14*k**2. Let n be f(-16). Suppose -15*h - n = -17*h. What are the prime factors of h?
19
List the prime factors of -10 + 16/(64/217236).
7, 7757
Let p = 221 - 364. Let b = p - -220. List the prime factors of b.
7, 11
Suppose 5*d = 5*b - 365, 5*b - b = 5*d + 292. Let h = b + 77. Suppose -4*p + 7*p = h. List the prime factors of p.
2, 5
What are the prime factors of (-13 - (-369)/27)*46617?
2, 41, 379
Let p(l) = 403*l**3 + 2*l**2 - 2*l - 1. Let t be p(1). Suppose 1006 = 4*b - t. List the prime factors of b.
2, 11
Let n(g) = 2*g**2 - 35. Let x be n(-6). Let i = x + -21. What are the prime factors of i?
2
Suppose 4*k = -12, -4*p + 2 = 2*k - 0*k. Suppose 5*z = 3*f + 5, 5*f + 7 = -3*z + 44. Suppose -p*s + s = -f. What are the prime factors of s?
5
Let q = 20 + -18. Let v be q*1 + -7 + 15. Let o = 89 - v. What are the prime factors of o?
79
What are the prime factors of 16 + (-325992)/(-8 + -9)?
2, 2399
List the prime factors of (1691/76 - 27)/(2/(-26616)).
3, 19, 1109
Let j(w) = 1127*w**2 + 13*w - 36. List the prime factors of j(-3).
2, 3, 839
Let b be 2/(1 - 15/25). Suppose -i = -u - 2*i + 35, b*i = -u + 35. List the prime factors of u.
5, 7
Let v = -316 - -319. List the prime factors of 395 - (v + (2 - 5))/(-1).
5, 79
Let p be 29/3 + 4/(-6). Let o be 6/(-4)*((-23)/(-3) - 7). What are the prime factors of (p/27)/(o/(-135))?
3, 5
Let z(u) = 17*u + 12. Let j = -814 + 838. List the prime factors of z(j).
2, 3, 5, 7
Let b = 1188 - 2246. Let f = 1965 + b. What are the prime factors of f?
907
Suppose -30 = -6*l - 90. List the prime factors of (4/l*1)/((-4)/2540).
2, 127
Let g(t) be the first derivative of t**3 + 39*t**2/2 - 17*t + 10. Let f(v) be the first derivative of g(v). What are the prime factors of f(12)?
3, 37
Suppose -2189*c - 5*v = -2185*c - 83656, 3*v = -5*c + 104583. What are the prime factors of c?
3, 19, 367
What are the prime factors of (-4 - -1)*((-16)/24 + -1) + 5176?
3, 11, 157
What are the prime factors of (46 - 39 - (8 + -2))/(2/26278)?
7, 1877
Suppose 1588 = 816*h - 815*h. List the prime factors of h.
2, 397
Suppose 0 = 4*d - 3*x - 33780, -9*x + 6*x + 42252 = 5*d. List the prime factors of d.
2, 3, 11
What are the prime factors of 17 + 840/(-48) - 64794/(-4)?
2, 7, 13, 89
Let w(g) = -9*g**3 + 347*g**2 + 30*g + 128. List the prime factors of w(38).
2, 1061
Suppose -3*g + m = 2*g - 30427, 12160 = 2*g + 5*m. Suppose -g = -30*w + 1475. What are the prime factors of w?
2, 3, 7
Let x(y) = 5*y**3 + 3*y**2 - 2*y + 1. Let g(l) = -l**2 - 6*l + 6. Let f be g(-6). Let i be f/15*(-3 + 8). List the prime factors of x(i).
7
Let t(s) = -18*s**3 + 9*s**2 + 15*s - 7. What are the prime factors of t(-4)?
1229
Suppose 2*r - 3*p - 16452 = r, -5*r = -5*p - 82220. List the prime factors of r.
2, 3, 5, 137
Let x be (108/6)/(2/1). Let h be -108*(3 - 33/x). Suppose -2*n + 0*n = -h. List the prime factors of n.
2, 3
Suppose 2510 = -142*z + 144*z + 3*y, 5*z = -4*y + 6275. List the prime factors of z.
5, 251
Suppose -42*f + 49*f = 2653. Let r = f + -205. List the prime factors of r.
2, 3, 29
Suppose 5*z = -t - 11 - 2, 5*t + 25 = -5*z. Let d be t/(4 - 38/8) - 7. What are the prime factors of (162 - d - 4) + (-2)/2?
2, 5
Suppose -2*c + 24 = -5*i, -4*i - 1 + 0 = c. Suppose -c*v + 6*v + 105 = 0. What are the prime factors of v?
3, 5, 7
Let w(q) = -3*q**3 + 8*q**2 - 10*q - 55. What are the prime factors of w(-28)?
72353
Suppose -45*f + 5*d = -50*f + 2500, -3*f + 1532 = -5*d. What are the prime factors of f?
2, 3, 7
Suppose 286 = 6*b + 124. Let q(r) = r**2 - 6*r - 53. What are the prime factors of q(b)?
2, 257
Let p be 8982/(-12)*36/(-27). What are the prime factors of 0 + (p - 1) - (114 + -120)?
17, 59
Suppose -3*n - 10 - 5 = 0, 0 = 3*t - 3*n + 30. What are the prime factors of ((-130)/t)/13*(-1 - -277)?
2, 23
Let r be ((-465)/10)/(-3)*18. Suppose 0 = -4*x + r - 27. What are the prime factors of x?
3, 7
Suppose 5*x - 14596 = -z, -81*x - 58484 = -4*z - 76*x. List the prime factors of z.
2, 3, 7, 29
List the prime factors of 3889 + (-19 + 3 - -27).
2, 3, 5, 13
Let f = -69 - -93. Let u = f + -22. Suppose -3*m = u*m - 5*s - 720, 2*s - 141 = -m. What are the prime factors of m?
11, 13
Let f(c) = 40*c**2 - 283*c + 284. Let v be f(1). Let w be 4 - (2 - (-2 - -3)). Let a = v + w. What are the prime factors of a?
2, 11
Suppose s + 8 = 2*w + 6, 0 = 2*s + 5*w - 32. Let f(j) = 84*j + 134. List the prime factors of f(s).
2, 11, 29
Suppose -77*u = 42*u + 23*u - 8252330. List the prime factors of u.
5, 59, 197
Suppose 0 = 20*f - 3*f - 51. List the prime factors of (-8)/((-72)/81)*148/f.
2, 3, 37
Suppose -109*d + 731963 = -27658. What are the prime factors of d?
3, 23, 101
Suppose 233 = 4*m - 555. Suppose -7*g - 223 - m = 0. What are the prime factors of 1 + (-48)/g*(85 + 0)?
3, 23
Let c be (2/((-24)/(-12)))/((-2)/(-1284)). Let p = c + -291. List the prime factors of p.
3, 13
Let a = 131 + -135. Let w be 22/a - (-33)/22 - -166. Let y = 88 + w. List the prime factors of y.
2, 5
Let o be (-4 + 19)*-1 - (3 + -1). Let q = 138 + o. Suppose 3*w - q = -y, -7*y = -2*y - 20. List the prime factors of w.
3, 13
Let t(d) be the second derivative of 14*d**3/3 - 14*